{"id":1555,"date":"2019-12-23T13:31:12","date_gmt":"2019-12-23T13:31:12","guid":{"rendered":"https:\/\/latelier-kora-djembe.fr\/?post_type=product&#038;p=1555"},"modified":"2025-11-14T19:13:25","modified_gmt":"2025-11-14T19:13:25","slug":"sac-a-main-design-africain","status":"publish","type":"product","link":"https:\/\/latelier-kora-djembe.fr\/en\/produit\/sac-a-main-design-africain\/","title":{"rendered":"Sac \u00e0 main design Africain !"},"content":{"rendered":"<p><strong>100 % issu de l&#8217;artisanat Fran\u00e7ais<\/strong> et fabriqu\u00e9 \u00e0 partir de mat\u00e9riaux de <strong>r\u00e9cup\u00e9ration<\/strong>, ce sac \u00e0 main sera votre <strong>compagnon parfait !<\/strong><\/p>\n<p>Aussi <strong>esth\u00e9tique<\/strong> que pratique gr\u00e2ce \u00e0 ses <strong>poches et rangements<\/strong>, cet accessoire indispensable est d&#8217;une <strong>r\u00e9sistance<\/strong> et <strong>durabilit\u00e9<\/strong> remarquable!<\/p>\n<p>Nous proposons des sacs \u00e0 mains d&#8217;une <strong>qualit\u00e9 sup\u00e9rieure<\/strong>, <strong>fabriqu\u00e9s \u00e0 la main<\/strong> et dont la <strong>qualit\u00e9<\/strong> \/ solidit\u00e9 reste notre <strong>principal crit\u00e8re de choix &#8230;.<\/strong><\/p>\n<ul>\n<li>Fermeture <strong>clipsable<\/strong><\/li>\n<li><strong>Deux poches<\/strong> de rangement int\u00e9rieur<\/li>\n<li>Une poche profonde sans fermeture <strong>facilement accessible<\/strong><\/li>\n<li>Un deuxi\u00e8me grand rangement <strong>avec fermeture \u00e9clair<\/strong><\/li>\n<\/ul>\n<p><em>Dimensions : 35 cm de long \/ 25 cm de haut\u00a0<\/em><\/p>\n","protected":false},"excerpt":{"rendered":"<p>100 % issu de l&#8217;artisanat Fran\u00e7ais et fabriqu\u00e9 \u00e0 partir de mat\u00e9riaux de r\u00e9cup\u00e9ration, ce sac \u00e0 main sera votre compagnon parfait ! Aussi esth\u00e9tique que pratique gr\u00e2ce \u00e0 ses poches et rangements, cet accessoire indispensable est d&#8217;une r\u00e9sistance et durabilit\u00e9 remarquable! Nous proposons des sacs \u00e0 mains d&#8217;une qualit\u00e9 sup\u00e9rieure, fabriqu\u00e9s \u00e0 la main [&#8230;]\n","protected":false},"featured_media":1556,"comment_status":"open","ping_status":"closed","template":"","meta":{"_monsterinsights_skip_tracking":false,"_monsterinsights_sitenote_active":false,"_monsterinsights_sitenote_note":"","_monsterinsights_sitenote_category":0},"product_brand":[],"product_cat":[45],"product_tag":[],"class_list":{"0":"post-1555","1":"product","2":"type-product","3":"status-publish","4":"has-post-thumbnail","6":"product_cat-accessoires","7":"product_shipping_class-peaux","9":"first","10":"outofstock","11":"shipping-taxable","12":"purchasable","13":"product-type-simple"},"yoast_head":"<!-- This site is optimized with the Yoast SEO plugin v24.8.1 - https:\/\/yoast.com\/wordpress\/plugins\/seo\/ -->\n<title>Sac \u00e0 main design Africain ! | BALA LAND<\/title>\n<meta name=\"description\" content=\"Venez d\u00e9couvrir nos sacs \u00e0 mains 100 % made in France ! Design Africain, plusieurs poches int\u00e9rieures, tout ce qu&#039;il faut pour votre nouveau compagnon !\" \/>\n<meta name=\"robots\" content=\"index, follow, max-snippet:-1, max-image-preview:large, max-video-preview:-1\" \/>\n<link rel=\"canonical\" href=\"https:\/\/latelier-kora-djembe.fr\/en\/produit\/sac-a-main-design-africain\/\" \/>\n<meta property=\"og:locale\" content=\"en_US\" \/>\n<meta property=\"og:type\" content=\"article\" \/>\n<meta property=\"og:title\" content=\"Sac \u00e0 main design Africain ! | BALA LAND\" \/>\n<meta property=\"og:description\" content=\"Venez d\u00e9couvrir nos sacs \u00e0 mains 100 % made in France ! Design Africain, plusieurs poches int\u00e9rieures, tout ce qu&#039;il faut pour votre nouveau compagnon !\" \/>\n<meta property=\"og:url\" content=\"https:\/\/latelier-kora-djembe.fr\/en\/produit\/sac-a-main-design-africain\/\" \/>\n<meta property=\"og:site_name\" content=\"BALA LAND\" \/>\n<meta property=\"article:publisher\" content=\"https:\/\/www.facebook.com\/latelier.kora.djembe\/\" \/>\n<meta property=\"article:modified_time\" content=\"2025-11-14T19:13:25+00:00\" \/>\n<meta property=\"og:image\" content=\"https:\/\/latelier-kora-djembe.fr\/wp-content\/uploads\/2019\/12\/sac-1-scaled.jpg\" \/>\n\t<meta property=\"og:image:width\" content=\"1920\" \/>\n\t<meta property=\"og:image:height\" content=\"2560\" \/>\n\t<meta property=\"og:image:type\" content=\"image\/jpeg\" \/>\n<meta name=\"twitter:card\" content=\"summary_large_image\" \/>\n<script type=\"application\/ld+json\" class=\"yoast-schema-graph\">{\"@context\":\"https:\/\/schema.org\",\"@graph\":[{\"@type\":\"WebPage\",\"@id\":\"https:\/\/latelier-kora-djembe.fr\/en\/produit\/sac-a-main-design-africain\/\",\"url\":\"https:\/\/latelier-kora-djembe.fr\/en\/produit\/sac-a-main-design-africain\/\",\"name\":\"Sac \u00e0 main design Africain ! | BALA LAND\",\"isPartOf\":{\"@id\":\"https:\/\/latelier-kora-djembe.fr\/en\/#website\"},\"primaryImageOfPage\":{\"@id\":\"https:\/\/latelier-kora-djembe.fr\/en\/produit\/sac-a-main-design-africain\/#primaryimage\"},\"image\":{\"@id\":\"https:\/\/latelier-kora-djembe.fr\/en\/produit\/sac-a-main-design-africain\/#primaryimage\"},\"thumbnailUrl\":\"https:\/\/latelier-kora-djembe.fr\/wp-content\/uploads\/2019\/12\/sac-1-scaled.jpg\",\"datePublished\":\"2019-12-23T13:31:12+00:00\",\"dateModified\":\"2025-11-14T19:13:25+00:00\",\"description\":\"Venez d\u00e9couvrir nos sacs \u00e0 mains 100 % made in France ! Design Africain, plusieurs poches int\u00e9rieures, tout ce qu'il faut pour votre nouveau compagnon !\",\"breadcrumb\":{\"@id\":\"https:\/\/latelier-kora-djembe.fr\/en\/produit\/sac-a-main-design-africain\/#breadcrumb\"},\"inLanguage\":\"en-US\",\"potentialAction\":[{\"@type\":\"ReadAction\",\"target\":[\"https:\/\/latelier-kora-djembe.fr\/en\/produit\/sac-a-main-design-africain\/\"]}]},{\"@type\":\"ImageObject\",\"inLanguage\":\"en-US\",\"@id\":\"https:\/\/latelier-kora-djembe.fr\/en\/produit\/sac-a-main-design-africain\/#primaryimage\",\"url\":\"https:\/\/latelier-kora-djembe.fr\/wp-content\/uploads\/2019\/12\/sac-1-scaled.jpg\",\"contentUrl\":\"https:\/\/latelier-kora-djembe.fr\/wp-content\/uploads\/2019\/12\/sac-1-scaled.jpg\",\"width\":1920,\"height\":2560},{\"@type\":\"BreadcrumbList\",\"@id\":\"https:\/\/latelier-kora-djembe.fr\/en\/produit\/sac-a-main-design-africain\/#breadcrumb\",\"itemListElement\":[{\"@type\":\"ListItem\",\"position\":1,\"name\":\"Accueil\",\"item\":\"https:\/\/latelier-kora-djembe.fr\/en\/home\/\"},{\"@type\":\"ListItem\",\"position\":2,\"name\":\"Shop\",\"item\":\"https:\/\/latelier-kora-djembe.fr\/en\/shop\/\"},{\"@type\":\"ListItem\",\"position\":3,\"name\":\"Sac \u00e0 main design Africain !\"}]},{\"@type\":\"WebSite\",\"@id\":\"https:\/\/latelier-kora-djembe.fr\/en\/#website\",\"url\":\"https:\/\/latelier-kora-djembe.fr\/en\/\",\"name\":\"L&#039;atelier kora djembe - Vente d&#039;instruments de musique Africains\",\"description\":\"Qualit\u00e9 sonorit\u00e9\",\"potentialAction\":[{\"@type\":\"SearchAction\",\"target\":{\"@type\":\"EntryPoint\",\"urlTemplate\":\"https:\/\/latelier-kora-djembe.fr\/en\/?s={search_term_string}\"},\"query-input\":{\"@type\":\"PropertyValueSpecification\",\"valueRequired\":true,\"valueName\":\"search_term_string\"}}],\"inLanguage\":\"en-US\"}]}<\/script>\n<!-- \/ Yoast SEO plugin. -->","yoast_head_json":{"title":"Sac \u00e0 main design Africain ! | BALA LAND","description":"Venez d\u00e9couvrir nos sacs \u00e0 mains 100 % made in France ! Design Africain, plusieurs poches int\u00e9rieures, tout ce qu'il faut pour votre nouveau compagnon !","robots":{"index":"index","follow":"follow","max-snippet":"max-snippet:-1","max-image-preview":"max-image-preview:large","max-video-preview":"max-video-preview:-1"},"canonical":"https:\/\/latelier-kora-djembe.fr\/en\/produit\/sac-a-main-design-africain\/","og_locale":"en_US","og_type":"article","og_title":"Sac \u00e0 main design Africain ! | BALA LAND","og_description":"Venez d\u00e9couvrir nos sacs \u00e0 mains 100 % made in France ! Design Africain, plusieurs poches int\u00e9rieures, tout ce qu'il faut pour votre nouveau compagnon !","og_url":"https:\/\/latelier-kora-djembe.fr\/en\/produit\/sac-a-main-design-africain\/","og_site_name":"BALA LAND","article_publisher":"https:\/\/www.facebook.com\/latelier.kora.djembe\/","article_modified_time":"2025-11-14T19:13:25+00:00","og_image":[{"width":1920,"height":2560,"url":"https:\/\/latelier-kora-djembe.fr\/wp-content\/uploads\/2019\/12\/sac-1-scaled.jpg","type":"image\/jpeg"}],"twitter_card":"summary_large_image","schema":{"@context":"https:\/\/schema.org","@graph":[{"@type":"WebPage","@id":"https:\/\/latelier-kora-djembe.fr\/en\/produit\/sac-a-main-design-africain\/","url":"https:\/\/latelier-kora-djembe.fr\/en\/produit\/sac-a-main-design-africain\/","name":"Sac \u00e0 main design Africain ! | BALA LAND","isPartOf":{"@id":"https:\/\/latelier-kora-djembe.fr\/en\/#website"},"primaryImageOfPage":{"@id":"https:\/\/latelier-kora-djembe.fr\/en\/produit\/sac-a-main-design-africain\/#primaryimage"},"image":{"@id":"https:\/\/latelier-kora-djembe.fr\/en\/produit\/sac-a-main-design-africain\/#primaryimage"},"thumbnailUrl":"https:\/\/latelier-kora-djembe.fr\/wp-content\/uploads\/2019\/12\/sac-1-scaled.jpg","datePublished":"2019-12-23T13:31:12+00:00","dateModified":"2025-11-14T19:13:25+00:00","description":"Venez d\u00e9couvrir nos sacs \u00e0 mains 100 % made in France ! Design Africain, plusieurs poches int\u00e9rieures, tout ce qu'il faut pour votre nouveau compagnon !","breadcrumb":{"@id":"https:\/\/latelier-kora-djembe.fr\/en\/produit\/sac-a-main-design-africain\/#breadcrumb"},"inLanguage":"en-US","potentialAction":[{"@type":"ReadAction","target":["https:\/\/latelier-kora-djembe.fr\/en\/produit\/sac-a-main-design-africain\/"]}]},{"@type":"ImageObject","inLanguage":"en-US","@id":"https:\/\/latelier-kora-djembe.fr\/en\/produit\/sac-a-main-design-africain\/#primaryimage","url":"https:\/\/latelier-kora-djembe.fr\/wp-content\/uploads\/2019\/12\/sac-1-scaled.jpg","contentUrl":"https:\/\/latelier-kora-djembe.fr\/wp-content\/uploads\/2019\/12\/sac-1-scaled.jpg","width":1920,"height":2560},{"@type":"BreadcrumbList","@id":"https:\/\/latelier-kora-djembe.fr\/en\/produit\/sac-a-main-design-africain\/#breadcrumb","itemListElement":[{"@type":"ListItem","position":1,"name":"Accueil","item":"https:\/\/latelier-kora-djembe.fr\/en\/home\/"},{"@type":"ListItem","position":2,"name":"Shop","item":"https:\/\/latelier-kora-djembe.fr\/en\/shop\/"},{"@type":"ListItem","position":3,"name":"Sac \u00e0 main design Africain !"}]},{"@type":"WebSite","@id":"https:\/\/latelier-kora-djembe.fr\/en\/#website","url":"https:\/\/latelier-kora-djembe.fr\/en\/","name":"L&#039;atelier kora djembe - Vente d&#039;instruments de musique Africains","description":"Qualit\u00e9 sonorit\u00e9","potentialAction":[{"@type":"SearchAction","target":{"@type":"EntryPoint","urlTemplate":"https:\/\/latelier-kora-djembe.fr\/en\/?s={search_term_string}"},"query-input":{"@type":"PropertyValueSpecification","valueRequired":true,"valueName":"search_term_string"}}],"inLanguage":"en-US"}]}},"_links":{"self":[{"href":"https:\/\/latelier-kora-djembe.fr\/en\/wp-json\/wp\/v2\/product\/1555","targetHints":{"allow":["GET"]}}],"collection":[{"href":"https:\/\/latelier-kora-djembe.fr\/en\/wp-json\/wp\/v2\/product"}],"about":[{"href":"https:\/\/latelier-kora-djembe.fr\/en\/wp-json\/wp\/v2\/types\/product"}],"replies":[{"embeddable":true,"href":"https:\/\/latelier-kora-djembe.fr\/en\/wp-json\/wp\/v2\/comments?post=1555"}],"wp:featuredmedia":[{"embeddable":true,"href":"https:\/\/latelier-kora-djembe.fr\/en\/wp-json\/wp\/v2\/media\/1556"}],"wp:attachment":[{"href":"https:\/\/latelier-kora-djembe.fr\/en\/wp-json\/wp\/v2\/media?parent=1555"}],"wp:term":[{"taxonomy":"product_brand","embeddable":true,"href":"https:\/\/latelier-kora-djembe.fr\/en\/wp-json\/wp\/v2\/product_brand?post=1555"},{"taxonomy":"product_cat","embeddable":true,"href":"https:\/\/latelier-kora-djembe.fr\/en\/wp-json\/wp\/v2\/product_cat?post=1555"},{"taxonomy":"product_tag","embeddable":true,"href":"https:\/\/latelier-kora-djembe.fr\/en\/wp-json\/wp\/v2\/product_tag?post=1555"}],"curies":[{"name":"wp","href":"https:\/\/api.w.org\/{rel}","templated":true}]}}

Sac à main design Africain !

<p><strong>100 % issu de l&#8217;artisanat Français</strong> et fabriqué à partir de matériaux de <strong>récupération</strong>, ce sac à main sera votre <strong>compagnon parfait !</strong></p>
<p>Aussi <strong>esthétique</strong> que pratique grâce à ses <strong>poches et rangements</strong>, cet accessoire indispensable est d&#8217;une <strong>résistance</strong> et <strong>durabilité</strong> remarquable!</p>
<p>Nous proposons des sacs à mains d&#8217;une <strong>qualité supérieure</strong>, <strong>fabriqués à la main</strong> et dont la <strong>qualité</strong> / solidité reste notre <strong>principal critère de choix &#8230;.</strong></p>
<ul>
<li>Fermeture <strong>clipsable</strong></li>
<li><strong>Deux poches</strong> de rangement intérieur</li>
<li>Une poche profonde sans fermeture <strong>facilement accessible</strong></li>
<li>Un deuxième grand rangement <strong>avec fermeture éclair</strong></li>
</ul>
<p><em>Dimensions : 35 cm de long / 25 cm de haut </em></p>

<p>100 % issu de l&#8217;artisanat Français et fabriqué à partir de matériaux de récupération, ce sac à main sera votre compagnon parfait ! Aussi esthétique que pratique grâce à ses poches et rangements, cet accessoire indispensable est d&#8217;une résistance et durabilité remarquable! Nous proposons des sacs à mains d&#8217;une qualité supérieure, fabriqués à la main [&#8230;]

<!-- This site is optimized with the Yoast SEO plugin v24.8.1 - https://yoast.com/wordpress/plugins/seo/ -->
<title>Sac à main design Africain ! | BALA LAND</title>
<meta name="description" content="Venez découvrir nos sacs à mains 100 % made in France ! Design Africain, plusieurs poches intérieures, tout ce qu&#039;il faut pour votre nouveau compagnon !" />
<meta name="robots" content="index, follow, max-snippet:-1, max-image-preview:large, max-video-preview:-1" />
<link rel="canonical" href="https://latelier-kora-djembe.fr/en/produit/sac-a-main-design-africain/" />
<meta property="og:locale" content="en_US" />
<meta property="og:type" content="article" />
<meta property="og:title" content="Sac à main design Africain ! | BALA LAND" />
<meta property="og:description" content="Venez découvrir nos sacs à mains 100 % made in France ! Design Africain, plusieurs poches intérieures, tout ce qu&#039;il faut pour votre nouveau compagnon !" />
<meta property="og:url" content="https://latelier-kora-djembe.fr/en/produit/sac-a-main-design-africain/" />
<meta property="og:site_name" content="BALA LAND" />
<meta property="article:publisher" content="https://www.facebook.com/latelier.kora.djembe/" />
<meta property="article:modified_time" content="2025-11-14T19:13:25+00:00" />
<meta property="og:image" content="https://latelier-kora-djembe.fr/wp-content/uploads/2019/12/sac-1-scaled.jpg" />
	<meta property="og:image:width" content="1920" />
	<meta property="og:image:height" content="2560" />
	<meta property="og:image:type" content="image/jpeg" />
<meta name="twitter:card" content="summary_large_image" />
<script type="application/ld+json" class="yoast-schema-graph">{"@context":"https://schema.org","@graph":[{"@type":"WebPage","@id":"https://latelier-kora-djembe.fr/en/produit/sac-a-main-design-africain/","url":"https://latelier-kora-djembe.fr/en/produit/sac-a-main-design-africain/","name":"Sac à main design Africain ! | BALA LAND","isPartOf":{"@id":"https://latelier-kora-djembe.fr/en/#website"},"primaryImageOfPage":{"@id":"https://latelier-kora-djembe.fr/en/produit/sac-a-main-design-africain/#primaryimage"},"image":{"@id":"https://latelier-kora-djembe.fr/en/produit/sac-a-main-design-africain/#primaryimage"},"thumbnailUrl":"https://latelier-kora-djembe.fr/wp-content/uploads/2019/12/sac-1-scaled.jpg","datePublished":"2019-12-23T13:31:12+00:00","dateModified":"2025-11-14T19:13:25+00:00","description":"Venez découvrir nos sacs à mains 100 % made in France ! Design Africain, plusieurs poches intérieures, tout ce qu'il faut pour votre nouveau compagnon !","breadcrumb":{"@id":"https://latelier-kora-djembe.fr/en/produit/sac-a-main-design-africain/#breadcrumb"},"inLanguage":"en-US","potentialAction":[{"@type":"ReadAction","target":["https://latelier-kora-djembe.fr/en/produit/sac-a-main-design-africain/"]}]},{"@type":"ImageObject","inLanguage":"en-US","@id":"https://latelier-kora-djembe.fr/en/produit/sac-a-main-design-africain/#primaryimage","url":"https://latelier-kora-djembe.fr/wp-content/uploads/2019/12/sac-1-scaled.jpg","contentUrl":"https://latelier-kora-djembe.fr/wp-content/uploads/2019/12/sac-1-scaled.jpg","width":1920,"height":2560},{"@type":"BreadcrumbList","@id":"https://latelier-kora-djembe.fr/en/produit/sac-a-main-design-africain/#breadcrumb","itemListElement":[{"@type":"ListItem","position":1,"name":"Accueil","item":"https://latelier-kora-djembe.fr/en/home/"},{"@type":"ListItem","position":2,"name":"Shop","item":"https://latelier-kora-djembe.fr/en/shop/"},{"@type":"ListItem","position":3,"name":"Sac à main design Africain !"}]},{"@type":"WebSite","@id":"https://latelier-kora-djembe.fr/en/#website","url":"https://latelier-kora-djembe.fr/en/","name":"L&#039;atelier kora djembe - Vente d&#039;instruments de musique Africains","description":"Qualité sonorité","potentialAction":[{"@type":"SearchAction","target":{"@type":"EntryPoint","urlTemplate":"https://latelier-kora-djembe.fr/en/?s={search_term_string}"},"query-input":{"@type":"PropertyValueSpecification","valueRequired":true,"valueName":"search_term_string"}}],"inLanguage":"en-US"}]}</script>
<!-- / Yoast SEO plugin. -->

Sac à main design Africain ! | BALA LAND

Venez découvrir nos sacs à mains 100 % made in France ! Design Africain, plusieurs poches intérieures, tout ce qu'il faut pour votre nouveau compagnon !

Qualité sonorité
